{"id":5435,"date":"2026-04-20T20:00:19","date_gmt":"2026-04-20T18:00:19","guid":{"rendered":"https:\/\/pepitesdemayla.fr\/?post_type=product&#038;p=5435"},"modified":"2026-04-23T20:12:23","modified_gmt":"2026-04-23T18:12:23","slug":"robe-elegance-retro-black","status":"publish","type":"product","link":"https:\/\/pepitesdemayla.fr\/?product=robe-elegance-retro-black","title":{"rendered":"ROBE ELEGANCE RETRO BLACK"},"content":{"rendered":"<p>Cette robe une p\u00e9pite!<br \/>\nImprim\u00e9 : Noir \u00e0 pois blancs classiques, un motif intemporel.<br \/>\nCoupe : Corsage cintr\u00e9 type bustier avec bonnets pour un maintien \u00e9l\u00e9gant.<br \/>\nD\u00e9tails : Fines bretelles r\u00e9glables et fermeture \u00e9clair discr\u00e8te au dos.<br \/>\nStyle : R\u00e9tro-chic avec une touche de glamour moderne,<br \/>\nConfort &#038; Ajustement : Dos enti\u00e8rement smok\u00e9 pour un maintien optimal et un ajustement sur-mesure.<\/p>\n<p>Note Morphologie : Id\u00e9ale pour les silhouettes fines \u00e0 moyennes.<br \/>\nEn raison de la coupe pr\u00e9form\u00e9e des bonnets,<br \/>\nnous la d\u00e9conseillons aux poitrines tr\u00e8s g\u00e9n\u00e9reuses pour garantir un rendu esth\u00e9tique parfait.<br \/>\nLe mod\u00e8le mesure 1.60 m et fait un 38\/40 de taille.<br \/>\nTaille unique convient du XS au L.<\/p>\n","protected":false},"excerpt":{"rendered":"<p>Cette robe une p\u00e9pite! Imprim\u00e9 : Noir \u00e0 pois blancs classiques, un motif intemporel. Coupe : Corsage cintr\u00e9 type bustier avec bonnets pour un maintien \u00e9l\u00e9gant. D\u00e9tails : Fines bretelles r\u00e9glables et fermeture \u00e9clair discr\u00e8te au dos. Style : R\u00e9tro-chic avec une touche de glamour moderne, Confort &#038; Ajustement : Dos enti\u00e8rement smok\u00e9 pour un maintien optimal et un ajustement sur-mesure. Note Morphologie : Id\u00e9ale pour les silhouettes fines \u00e0 moyennes. En raison de la coupe pr\u00e9form\u00e9e des bonnets, nous la d\u00e9conseillons aux poitrines tr\u00e8s g\u00e9n\u00e9reuses pour garantir un rendu esth\u00e9tique parfait. Le mod\u00e8le mesure 1.60 m et fait un 38\/40 de taille. Taille unique convient du XS au L.<\/p>\n","protected":false},"featured_media":5391,"comment_status":"open","ping_status":"closed","template":"","meta":[],"product_brand":[],"product_cat":[55,45],"product_tag":[],"class_list":{"0":"post-5435","1":"product","2":"type-product","3":"status-publish","4":"has-post-thumbnail","6":"product_cat-nouveautes","7":"product_cat-robes-tuniques","9":"first","10":"instock","11":"shipping-taxable","12":"purchasable","13":"product-type-simple"},"yoast_head":"<!-- This site is optimized with the Yoast SEO plugin v21.9 - https:\/\/yoast.com\/wordpress\/plugins\/seo\/ -->\n<title>ROBE ELEGANCE RETRO BLACK - pepitesdemayla.fr<\/title>\n<meta name=\"robots\" content=\"index, follow, max-snippet:-1, max-image-preview:large, max-video-preview:-1\" \/>\n<link rel=\"canonical\" href=\"https:\/\/pepitesdemayla.fr\/?product=robe-elegance-retro-black\" \/>\n<meta property=\"og:locale\" content=\"fr_FR\" \/>\n<meta property=\"og:type\" content=\"article\" \/>\n<meta property=\"og:title\" content=\"ROBE ELEGANCE RETRO BLACK - pepitesdemayla.fr\" \/>\n<meta property=\"og:description\" content=\"Cette robe une p\u00e9pite! Imprim\u00e9 : Noir \u00e0 pois blancs classiques, un motif intemporel. Coupe : Corsage cintr\u00e9 type bustier avec bonnets pour un maintien \u00e9l\u00e9gant. D\u00e9tails : Fines bretelles r\u00e9glables et fermeture \u00e9clair discr\u00e8te au dos. Style : R\u00e9tro-chic avec une touche de glamour moderne, Confort &#038; Ajustement : Dos enti\u00e8rement smok\u00e9 pour un maintien optimal et un ajustement sur-mesure. Note Morphologie : Id\u00e9ale pour les silhouettes fines \u00e0 moyennes. En raison de la coupe pr\u00e9form\u00e9e des bonnets, nous la d\u00e9conseillons aux poitrines tr\u00e8s g\u00e9n\u00e9reuses pour garantir un rendu esth\u00e9tique parfait. Le mod\u00e8le mesure 1.60 m et fait un 38\/40 de taille. Taille unique convient du XS au L.\" \/>\n<meta property=\"og:url\" content=\"https:\/\/pepitesdemayla.fr\/?product=robe-elegance-retro-black\" \/>\n<meta property=\"og:site_name\" content=\"pepitesdemayla.fr\" \/>\n<meta property=\"article:modified_time\" content=\"2026-04-23T18:12:23+00:00\" \/>\n<meta property=\"og:image\" content=\"http:\/\/pepitesdemayla.fr\/wp-content\/uploads\/2026\/04\/1000150919.webp\" \/>\n\t<meta property=\"og:image:width\" content=\"1080\" \/>\n\t<meta property=\"og:image:height\" content=\"1920\" \/>\n\t<meta property=\"og:image:type\" content=\"image\/webp\" \/>\n<meta name=\"twitter:card\" content=\"summary_large_image\" \/>\n<meta name=\"twitter:label1\" content=\"Dur\u00e9e de lecture estim\u00e9e\" \/>\n\t<meta name=\"twitter:data1\" content=\"1 minute\" \/>\n<script type=\"application\/ld+json\" class=\"yoast-schema-graph\">{\"@context\":\"https:\/\/schema.org\",\"@graph\":[{\"@type\":\"WebPage\",\"@id\":\"https:\/\/pepitesdemayla.fr\/?product=robe-elegance-retro-black\",\"url\":\"https:\/\/pepitesdemayla.fr\/?product=robe-elegance-retro-black\",\"name\":\"ROBE ELEGANCE RETRO BLACK - pepitesdemayla.fr\",\"isPartOf\":{\"@id\":\"https:\/\/pepitesdemayla.fr\/#website\"},\"datePublished\":\"2026-04-20T18:00:19+00:00\",\"dateModified\":\"2026-04-23T18:12:23+00:00\",\"breadcrumb\":{\"@id\":\"https:\/\/pepitesdemayla.fr\/?product=robe-elegance-retro-black#breadcrumb\"},\"inLanguage\":\"fr-FR\",\"potentialAction\":[{\"@type\":\"ReadAction\",\"target\":[\"https:\/\/pepitesdemayla.fr\/?product=robe-elegance-retro-black\"]}]},{\"@type\":\"BreadcrumbList\",\"@id\":\"https:\/\/pepitesdemayla.fr\/?product=robe-elegance-retro-black#breadcrumb\",\"itemListElement\":[{\"@type\":\"ListItem\",\"position\":1,\"name\":\"Accueil\",\"item\":\"https:\/\/pepitesdemayla.fr\/\"},{\"@type\":\"ListItem\",\"position\":2,\"name\":\"Cat\u00e9gories\",\"item\":\"https:\/\/pepitesdemayla.fr\/?page_id=1680\"},{\"@type\":\"ListItem\",\"position\":3,\"name\":\"ROBE ELEGANCE RETRO BLACK\"}]},{\"@type\":\"WebSite\",\"@id\":\"https:\/\/pepitesdemayla.fr\/#website\",\"url\":\"https:\/\/pepitesdemayla.fr\/\",\"name\":\"pepitesdemayla.fr\",\"description\":\"\",\"publisher\":{\"@id\":\"https:\/\/pepitesdemayla.fr\/#organization\"},\"potentialAction\":[{\"@type\":\"SearchAction\",\"target\":{\"@type\":\"EntryPoint\",\"urlTemplate\":\"https:\/\/pepitesdemayla.fr\/?s={search_term_string}\"},\"query-input\":\"required name=search_term_string\"}],\"inLanguage\":\"fr-FR\"},{\"@type\":\"Organization\",\"@id\":\"https:\/\/pepitesdemayla.fr\/#organization\",\"name\":\"pepitesdemayla.fr\",\"url\":\"https:\/\/pepitesdemayla.fr\/\",\"logo\":{\"@type\":\"ImageObject\",\"inLanguage\":\"fr-FR\",\"@id\":\"https:\/\/pepitesdemayla.fr\/#\/schema\/logo\/image\/\",\"url\":\"https:\/\/pepitesdemayla.fr\/wp-content\/uploads\/2022\/06\/logo-pepites-de-mayla-remove-sans-fond.png\",\"contentUrl\":\"https:\/\/pepitesdemayla.fr\/wp-content\/uploads\/2022\/06\/logo-pepites-de-mayla-remove-sans-fond.png\",\"width\":500,\"height\":500,\"caption\":\"pepitesdemayla.fr\"},\"image\":{\"@id\":\"https:\/\/pepitesdemayla.fr\/#\/schema\/logo\/image\/\"}}]}<\/script>\n<!-- \/ Yoast SEO plugin. -->","yoast_head_json":{"title":"ROBE ELEGANCE RETRO BLACK - pepitesdemayla.fr","robots":{"index":"index","follow":"follow","max-snippet":"max-snippet:-1","max-image-preview":"max-image-preview:large","max-video-preview":"max-video-preview:-1"},"canonical":"https:\/\/pepitesdemayla.fr\/?product=robe-elegance-retro-black","og_locale":"fr_FR","og_type":"article","og_title":"ROBE ELEGANCE RETRO BLACK - pepitesdemayla.fr","og_description":"Cette robe une p\u00e9pite! Imprim\u00e9 : Noir \u00e0 pois blancs classiques, un motif intemporel. Coupe : Corsage cintr\u00e9 type bustier avec bonnets pour un maintien \u00e9l\u00e9gant. D\u00e9tails : Fines bretelles r\u00e9glables et fermeture \u00e9clair discr\u00e8te au dos. Style : R\u00e9tro-chic avec une touche de glamour moderne, Confort &#038; Ajustement : Dos enti\u00e8rement smok\u00e9 pour un maintien optimal et un ajustement sur-mesure. Note Morphologie : Id\u00e9ale pour les silhouettes fines \u00e0 moyennes. En raison de la coupe pr\u00e9form\u00e9e des bonnets, nous la d\u00e9conseillons aux poitrines tr\u00e8s g\u00e9n\u00e9reuses pour garantir un rendu esth\u00e9tique parfait. Le mod\u00e8le mesure 1.60 m et fait un 38\/40 de taille. Taille unique convient du XS au L.","og_url":"https:\/\/pepitesdemayla.fr\/?product=robe-elegance-retro-black","og_site_name":"pepitesdemayla.fr","article_modified_time":"2026-04-23T18:12:23+00:00","og_image":[{"width":1080,"height":1920,"url":"http:\/\/pepitesdemayla.fr\/wp-content\/uploads\/2026\/04\/1000150919.webp","type":"image\/webp"}],"twitter_card":"summary_large_image","twitter_misc":{"Dur\u00e9e de lecture estim\u00e9e":"1 minute"},"schema":{"@context":"https:\/\/schema.org","@graph":[{"@type":"WebPage","@id":"https:\/\/pepitesdemayla.fr\/?product=robe-elegance-retro-black","url":"https:\/\/pepitesdemayla.fr\/?product=robe-elegance-retro-black","name":"ROBE ELEGANCE RETRO BLACK - pepitesdemayla.fr","isPartOf":{"@id":"https:\/\/pepitesdemayla.fr\/#website"},"datePublished":"2026-04-20T18:00:19+00:00","dateModified":"2026-04-23T18:12:23+00:00","breadcrumb":{"@id":"https:\/\/pepitesdemayla.fr\/?product=robe-elegance-retro-black#breadcrumb"},"inLanguage":"fr-FR","potentialAction":[{"@type":"ReadAction","target":["https:\/\/pepitesdemayla.fr\/?product=robe-elegance-retro-black"]}]},{"@type":"BreadcrumbList","@id":"https:\/\/pepitesdemayla.fr\/?product=robe-elegance-retro-black#breadcrumb","itemListElement":[{"@type":"ListItem","position":1,"name":"Accueil","item":"https:\/\/pepitesdemayla.fr\/"},{"@type":"ListItem","position":2,"name":"Cat\u00e9gories","item":"https:\/\/pepitesdemayla.fr\/?page_id=1680"},{"@type":"ListItem","position":3,"name":"ROBE ELEGANCE RETRO BLACK"}]},{"@type":"WebSite","@id":"https:\/\/pepitesdemayla.fr\/#website","url":"https:\/\/pepitesdemayla.fr\/","name":"pepitesdemayla.fr","description":"","publisher":{"@id":"https:\/\/pepitesdemayla.fr\/#organization"},"potentialAction":[{"@type":"SearchAction","target":{"@type":"EntryPoint","urlTemplate":"https:\/\/pepitesdemayla.fr\/?s={search_term_string}"},"query-input":"required name=search_term_string"}],"inLanguage":"fr-FR"},{"@type":"Organization","@id":"https:\/\/pepitesdemayla.fr\/#organization","name":"pepitesdemayla.fr","url":"https:\/\/pepitesdemayla.fr\/","logo":{"@type":"ImageObject","inLanguage":"fr-FR","@id":"https:\/\/pepitesdemayla.fr\/#\/schema\/logo\/image\/","url":"https:\/\/pepitesdemayla.fr\/wp-content\/uploads\/2022\/06\/logo-pepites-de-mayla-remove-sans-fond.png","contentUrl":"https:\/\/pepitesdemayla.fr\/wp-content\/uploads\/2022\/06\/logo-pepites-de-mayla-remove-sans-fond.png","width":500,"height":500,"caption":"pepitesdemayla.fr"},"image":{"@id":"https:\/\/pepitesdemayla.fr\/#\/schema\/logo\/image\/"}}]}},"_links":{"self":[{"href":"https:\/\/pepitesdemayla.fr\/index.php?rest_route=\/wp\/v2\/product\/5435","targetHints":{"allow":["GET"]}}],"collection":[{"href":"https:\/\/pepitesdemayla.fr\/index.php?rest_route=\/wp\/v2\/product"}],"about":[{"href":"https:\/\/pepitesdemayla.fr\/index.php?rest_route=\/wp\/v2\/types\/product"}],"replies":[{"embeddable":true,"href":"https:\/\/pepitesdemayla.fr\/index.php?rest_route=%2Fwp%2Fv2%2Fcomments&post=5435"}],"wp:featuredmedia":[{"embeddable":true,"href":"https:\/\/pepitesdemayla.fr\/index.php?rest_route=\/wp\/v2\/media\/5391"}],"wp:attachment":[{"href":"https:\/\/pepitesdemayla.fr\/index.php?rest_route=%2Fwp%2Fv2%2Fmedia&parent=5435"}],"wp:term":[{"taxonomy":"product_brand","embeddable":true,"href":"https:\/\/pepitesdemayla.fr\/index.php?rest_route=%2Fwp%2Fv2%2Fproduct_brand&post=5435"},{"taxonomy":"product_cat","embeddable":true,"href":"https:\/\/pepitesdemayla.fr\/index.php?rest_route=%2Fwp%2Fv2%2Fproduct_cat&post=5435"},{"taxonomy":"product_tag","embeddable":true,"href":"https:\/\/pepitesdemayla.fr\/index.php?rest_route=%2Fwp%2Fv2%2Fproduct_tag&post=5435"}],"curies":[{"name":"wp","href":"https:\/\/api.w.org\/{rel}","templated":true}]}}